o(r) = -r**3 - 13*r**2 - r - 6. Let q(m) = -10*m + 7. Let t be q(2). Let a be o(t). Let x(u) = 2*u - 9. Give x(a).
5
Let i(r) = r**2 - 2*r - 2. Suppose -d + 5 = 2*p - 1, -p = 4*d - 17. Suppose 71 = 5*b - d. Let l = b + -11. Determine i(l).
6
Let o(y) = 2*y - 4. Suppose -c - c - 4*v + 6 = 0, 5*c + 4*v = 33. Let r(g) = -3*g**2 + 26*g + 4. Let a be r(c). Calculate o(a).
-14
Let y = -2 + 3. Suppose 3*p - 28 = r - 5*r, -2*p = r - 7. Let o(q) = 0*q - 8*q**2 + 0 - 6*q - y + r*q**2. What is o(-6)?
-1
Suppose -7*m = 5*k - 11*m + 51, 4*m + 37 = -3*k. Let s(c) = -c**3 - 10*c**2 + 12*c + 5. Determine s(k).
-6
Suppose 3*h + 108 = 6*h. Suppose -5*l - 48 = 2*q, 3*l + 3*q = -0*q - h. Let g(d) = -d**3 - 7 + 3*d - 5*d**2 - 2*d**2 + 9 + 5*d. Give g(l).
2
Suppose 2 = 4*g + 6. Let u(l) = 14 - 3*l**2 - 3*l - 13 + 10*l**3 + 8*l**2. Let c(h) = -9*h**3 - 6*h**2 + 4*h - 1. Let o(k) = -4*c(k) - 5*u(k). Calculate o(g).
13
Let a(i) = -2*i**2 - i + 3*i**2 - 5*i. Let m be -8*15/(-10) + -4. Suppose m + 4 = 2*b. Calculate a(b).
0
Let w be 6/(-9) - (-2)/3. Let a(m) = 12*m - 10*m + 9 - m. What is a(w)?
9
Let l(d) = -d**3 - 3*d**2 - 2*d - 3. Let p be (-48)/21 - 30/(-105). Give l(p).
-3
Let z(g) = g**3 + g - 1. Let b(n) = 7*n**3 + 16*n**2 - 12*n - 29. Let p(q) = -b(q) + 6*z(q). Calculate p(-17).
6
Let v(i) = i**3 - i**2 - 9*i - 1. Suppose 4*j + 4 = 0, -23*p - 2*j - 14 = -26*p. What is v(p)?
11
Suppose -27*w + 21*w = -12. Let l(c) = 6*c + 63*c**w - 32*c**2 - 32*c**2 + 5. Calculate l(6).
5
Let o(v) be the first derivative of 8 - 1/3*v**3 - 7/2*v**2 + v. Give o(-6).
7
Let c(y) = -5*y + 2. Let p(m) = m**2 + 9*m - 3. Let i be p(-8). Let l be i/(-22) + (-22)/4. Let x(j) = 4*j - 3. Let s(t) = l*c(t) - 6*x(t). Determine s(0).
8
Suppose -469*b + 8 = -471*b. Let y = -3 - -5. Let l(n) = n**y + 4 + 3*n**2 + 3*n - 3*n**2 + n. Give l(b).
4
Let p = 39 + -36. Suppose -2*c - p = 1. Let l(q) = -6*q. What is l(c)?
12
Let i(s) = 4*s + 3. Let w = -18 - -20. Suppose -4*h = 4*l + 4, 0 = 5*l - 0*h - w*h - 23. Suppose 0 + 6 = -l*u. What is i(u)?
-5
Let m(s) be the third derivative of -s**6/360 - s**5/30 + 7*s**4/24 + s**3/6 - 8*s**2. Let y(n) be the first derivative of m(n). Give y(-7).
-14
Suppose 0 = -o - 3*a + 10, -3*o + o + a = 1. Let h be o/((-2)/15)*(-40)/(-50). Let t(q) = -q**3 - 5*q**2 + 4*q - 8. What is t(h)?
4
Let p(g) = 6*g**3 + 19*g**2 + 16*g - 28. Let t(z) = 7*z**3 + 20*z**2 + 17*z - 29. Let k(q) = 6*p(q) - 5*t(q). Give k(-13).
3
Let q(u) = u**3 + u**2 + u + 2. Let s(c) = -5*c**3 - 3*c**2 - 8*c - 18. Let d(o) = 6*q(o) + s(o). Calculate d(-4).
-14
Let u(r) be the third derivative of -r**5/30 - r**4/12 + 2*r**3/3 - r**2. Suppose -3*z + 7*z = 0. Suppose -2*c + 5*j - 21 = z, c + 8 = 3*j - 4. Determine u(c).
-8
Let c(t) = -8*t - 8. Let f(r) = -7*r - 7. Let a(h) = 6*c(h) - 7*f(h). Suppose 13*s - 15*s = -2. Let i be 180/12*s/3. Give a(i).
6
Let h(y) = -y**3 - 6*y**2 - 6*y + 7. Suppose 8*u = 4*u - 2*u. Suppose -10*l + 1 - 51 = u. Determine h(l).
12
Let t(v) be the second derivative of -v**3 + 0 + 3*v - 1/180*v**6 + 1/8*v**4 + 1/40*v**5 + 0*v**2. Let r(w) be the second derivative of t(w). What is r(3)?
-6
Let x(k) be the first derivative of -k**7/840 + k**6/40 - 11*k**5/120 - k**4/12 + 28*k**3/3 - 21. Let w(l) be the third derivative of x(l). Determine w(8).
-26
Let v(k) = k**2 + k + 1. Let i be 2/(-1)*-1 - -15. Let w = 22 - i. Suppose -w*j = -j. Give v(j).
1
Let b(l) = 2*l**2 - l - 1 - 2*l**2 + 2*l**2 - l**2. Calculate b(5).
19
Let x(s) = -s**3 - 6*s**2 + 5*s + 4. Let z(i) = -5*i**2 + 4*i + 2. Let u(f) = 2*x(f) - 3*z(f). Let w be (-29)/3 + 2/(-6). Let j = -8 - w. What is u(j)?
-6
Let k = 477 + -473. Let w(x) = -8*x + 1. What is w(k)?
-31
Let s(q) = 8*q + 2. Let c be (-6 + 2 - -3)/(-1). What is s(c)?
10
Let q(g) = g**2 + 14*g. Let n(d) be the first derivative of -d**3/3 - 13*d**2/2 + 21. Let h(t) = -7*n(t) - 6*q(t). Calculate h(-8).
8
Let x(f) be the first derivative of -f**2/2 - 11*f - 86. Determine x(-10).
-1
Let h = 11 + 1. Let i(n) = h*n + n**2 - 2*n**2 + 0*n**2 - 11*n. Calculate i(-2).
-6
Let s(y) be the third derivative of -y**5/120 + y**4/24 + 7*y**3/6 + 13*y**2. Let b(u) be the first derivative of s(u). Determine b(1).
0
Let a(h) = h**3 + 6*h**2 - 6. Let j be 4 - (1 + -1)/(-4). Suppose -47 - 89 = j*m. Let q be m/6 - (-3)/(-9). What is a(q)?
-6
Let t(v) be the second derivative of 5/6*v**3 - 1/12*v**4 + 2*v**2 + 47*v + 0. Determine t(6).
-2
Let n(b) = -3 - b + 0*b**2 - 3 + 5 + 2*b**2. Let j be n(-1). Let s(l) = l - 70 + l**j + 70. What is s(0)?
0
Let w(c) = -c**3 + 9*c**2 - 8*c + 4. Suppose 5*u = 4*v - 5, -v = 5*u + 2*v + 40. Let s(r) = r**3 + 6*r**2 + r - 12. Let d be s(u). Give w(d).
4
Let y be -3*2*(-48)/(-36). Let n(t) = -t**2 - 9*t - 1. Determine n(y).
7
Suppose -r + 0 + 4 = 0. Let i(a) = -a**3 - 2*a - 5. Let w(p) = -3*p**3 - 5*p**2 - 5*p - 23. Let l(j) = 4*i(j) - w(j). What is l(r)?
7
Let v(d) be the second derivative of d**3/3 + 41*d**2/2 + 522*d. What is v(0)?
41
Let x(d) be the first derivative of d**5/40 + 5*d**4/24 + 7*d**3/3 - 16. Let l(p) be the third derivative of x(p). Give l(-5).
-10
Suppose -s = 2*a - 25, -a + 0*a + s + 20 = 0. Let w be 4 - (a/(-3) - -9). Let z(f) = f**3 - f**2 + f - 8. Calculate z(w).
-8
Suppose 0 = -5*n + 4*r - 30 - 59, 2*n + 29 = -5*r. Let x(g) = g + 6. Determine x(n).
-11
Let q(y) be the second derivative of -5*y**3/6 - 3*y**2 - 21*y + 3. Determine q(-6).
24
Let l = -22 - -24. Let s(q) = -9*q**2 - 2 + 36*q**l - 10*q**2 - 16*q**2. Calculate s(-3).
7
Let c(n) = -10*n - n + 30*n**2 + 0 - 31*n**2 + 10. Calculate c(-9).
28
Let d(v) = -8*v - 1. Let k be ((-4)/(-26) - (-21)/(-52))*-4. Give d(k).
-9
Let w(n) = -2*n. Let x(l) be the first derivative of -5*l**2/2 - 48. Let m(r) = 7*w(r) - 3*x(r). Determine m(-2).
-2
Suppose -16 = 2*g + i, -30 = g - i - 28. Let z(f) be the third derivative of -f**6/120 - f**5/10 + f**4/12 + f**3 - 5*f**2. Determine z(g).
-6
Let o(x) be the second derivative of x**4/12 - 3*x**2/2 - 2*x. Let r = 16 + -5. Suppose -5*q - 4 = r. Determine o(q).
6
Suppose c - 6 = -c. Suppose 18 = 4*j - 3*z, c*j - z - 3*z - 10 = 0. Let i(k) = k**3 - 5*k**2 - 7*k + 2. Let b be i(j). Let a(d) = -d + 4. Determine a(b).
8
Let y(f) = 3*f - 2. Let s(x) = -2*x + 2. Let b(q) = -4*s(q) - 3*y(q). Let l(t) = t**2 - 9*t - 72. Let m be l(-5). Calculate b(m).
0
Let s(d) be the second derivative of d**2 + 1/12*d**4 + 0 - 3*d - 1/2*d**3. Let w(j) = -j**2 + 43*j - 37. Let u be w(42). Calculate s(u).
12
Let l(g) be the second derivative of -g**3/3 - 5*g**2/2 - 39*g. Suppose -5*j + 19 - 4 = 0. Suppose 3*o + j*m = -6, 4*o - 8*m + 44 = -3*m. Give l(o).
7
Let w(t) = t + 7. Let c(h) = -5*h - 16. Let u be c(-4). Suppose g = u - 12. Determine w(g).
-1
Let x be ((-2)/(-6)*-3)/((-1)/(-1)). Let b(j) = -12*j**3 - 2*j**2 - 4*j - 3. Determine b(x).
11
Let j(s) be the second derivative of -s**7/840 - s**6/72 - s**5/30 + s**4/8 - 7*s**3/6 - 23*s. Let n(t) be the second derivative of j(t). Give n(-4).
3
Let y be 2/6 - (-46)/6. Suppose -6*x + 2*x + y = 0. Let t be x*(-4 + 6 + -3). Let z(s) = 2*s**2. Give z(t).
8
Let d(n) be the first derivative of -7 + 6*n**2 + 1/6*n**3 - 1/24*n**4 + 0*n. Let r(v) be the second derivative of d(v). Determine r(1).
0
Let q = 7 - 5. Suppose 4*r + 15 = 2*w - w, q*w + 6 = -r. Let m be 1/w*2 - -3. Let c(u) = -9*u**2 - u + 1. Calculate c(m).
-9
Let h = 13 - 9. Let y(g) = -3*g**3 + 209 + 205 + 2*g**2 + 2*g**3 - 623 + 5*g + 205. What is y(h)?
-16
Suppose -5*m + 3*m + 10 = 0. Let c(s) = -s**2 + 5*s + 3. Let o(w) = -w**2 + 5*w + 2. Let h(v) = 6*c(v) - 7*o(v). Calculate h(m).
4
Let m(x) = x**2 - 7*x + 7. Let v = 58 - 91. Let z be 4/(-3 + v/(-9)). Determine m(z).
1
Let i(t) be the second derivative of -t**4/12 + 4*t**3/3 - 4*t**2 + t + 48. What is i(4)?
8
Let d be 14/(2 - 4) + 2. Let c(x) be the third derivative of x**5/120 - x**4/12 - 2*x**3/3 - 7*x**2. Let h(z) be the first derivative of c(z). What is h(d)?
-7
Suppose -3 = f - 2*o, 0 - 9 = -2*f + o. Let t(y) = -2*y. Let m be t(-1). Let k(p) = 1 - 1 + p**2 + f*p - 5 - m*p**2. Calculate k(5).
5
Let q(b) = b - 3. Let u(i) be the second derivative of i**2/2 - 19*i. Let j(w) = -q(w) + 2*u(w). Determine j(11).
-6
Let m(l) = -97*l - 81*l + 22 + 166*l - l**2. Calculate m(-14).
-6
Let b(g) = -g - 4. Let y(f) = 6*f + 20. Le